 + 2 + 3 + -3. Suppose b*m + 2*m + 11 = p, -3*m = 2*p. Calculate the greatest common factor of p and 2.
1
Suppose -2*f + 0*f + 308 = 0. What is the greatest common divisor of 22 and f?
22
Let z(h) = -9*h - 3. Let j = -8 - -2. Let r be z(j). Suppose 3 = -4*o + r. What is the greatest common divisor of 6 and o?
6
Suppose -5*s - 2*o = -2*s + 620, -5*s = -o + 1042. Let m = s - -293. What is the greatest common divisor of 34 and m?
17
Let b be (33/2)/(3*(-6)/(-24)). What is the highest common factor of 22 and b?
22
Let g = -4 - -4. Suppose 2*s - 4 = -g*s. Calculate the greatest common divisor of 22 and s.
2
Let l be ((-8)/14)/((-6)/42). Suppose -w + 45 = l*w. What is the highest common factor of w and 1?
1
Let z(o) = -o**2 - 9*o - 4. Let u = 22 + -6. Let i = u - 22. Let y be z(i). Calculate the highest common divisor of 56 and y.
14
Suppose -13*p + 8*p + 130 = 0. Suppose 277 - 17 = 5*k. Suppose -5*j + 143 = -k. What is the greatest common factor of j and p?
13
Suppose 3*d - 44 = 2*c - 4, 2*c = 8. Calculate the highest common factor of d and 4.
4
Suppose 0 = 2*o - 385 + 121. Let u = 3 - -9. What is the highest common factor of o and u?
12
Suppose 0 = -2*y + 12 + 10. Let h = -8 + y. Calculate the highest common divisor of h and 1.
1
Let u = 86 + -41. Let j be 6/2*(-8)/(-6). Suppose -p - j*p = -u. Calculate the greatest common factor of 99 and p.
9
Suppose 3*y + 144 = 6*y. Calculate the highest common factor of 12 and y.
12
Let n = 21 + -12. Suppose 5*l + 2*x = 484, 5*l = 4*x + 277 + 195. Suppose d - 12 = -3*d, 5*d - l = -3*j. What is the greatest common divisor of n and j?
9
Let y be (1 - -8) + (-1)/(-1). Let a = 31 + -60. Let x = a + 139. What is the highest common factor of x and y?
10
Let s be (18/7)/((-2)/(-14)). Suppose -2*y + 153 = -3*c, -y - c + s = -51. Let q = 40 + y. What is the highest common divisor of q and 14?
14
Let f = 206 + 55. Calculate the highest common divisor of 29 and f.
29
Let d(t) = t**3 + 9*t**2 - 15*t - 20. Let o be d(-10). What is the greatest common divisor of o and 15?
15
Let r(s) = -9*s + 2*s - 2 + 4. Let p be r(-2). Let w be 6/(5 - 2) - -174. Calculate the highest common divisor of p and w.
16
Suppose -4*b + 36 = 3*i + 13, -2*b - 3*i + 19 = 0. Let r be (-1 - -43)*(-6)/(-18). Calculate the highest common factor of b and r.
2
Suppose 5*v = -0*v + 2*m + 14, -2 = -5*v - 4*m. Calculate the greatest common factor of 16 and v.
2
Let o = 37 - -38. Suppose -b = -4*w + 55, -5*b = -3*w - 4*b + 40. What is the highest common divisor of w and o?
15
Let m = 75 + -60. What is the highest common factor of m and 60?
15
Let q be (48/(-30))/(1/(-25)). What is the greatest common factor of 10 and q?
10
Let z = 13 + -8. Let m = z + 0. Let y(g) = g**3 - 4*g**2 - 3*g - 6. Let l be y(m). What is the greatest common divisor of 36 and l?
4
Suppose -l = -6*l + 10. Suppose l*p = 4*j + 22, 4 = p + 3*p + 2*j. Let n(v) = -v + 4. Let k be n(p). Calculate the greatest common divisor of k and 2.
1
Let c(d) = -d + 15. Let f be c(7). Calculate the greatest common factor of 8 and f.
8
Suppose 7*p = -9 + 23. Suppose 0 = 3*f + p*l - 23 - 6, 2*l - 43 = -5*f. Let h = -1 - -2. Calculate the highest common divisor of f and h.
1
Let y be (-1)/(-3 - -2)*6. Let u = -31 + 45. Let l = 16 - u. What is the highest common divisor of y and l?
2
Suppose 20 + 4 = 4*m. Suppose 3*g = q + 88, 2*q + 86 + 0 = 3*g. What is the highest common divisor of m and g?
6
Let i = -4 - -6. Suppose 260 = i*p + 2*p. What is the greatest common factor of 26 and p?
13
Let g(t) = -3*t + 59. Let y be g(17). What is the greatest common divisor of 20 and y?
4
Suppose 5 + 63 = 2*t + 2*i, -t + 3*i + 42 = 0. What is the greatest common factor of 9 and t?
9
Let x(r) = -14*r**2 - 3*r - 2. Let l be x(-3). Let y = -28 - l. Calculate the greatest common divisor of y and 13.
13
Let c be (-1158)/(-12)*1*2. Suppose -c = -5*q + 192. Calculate the highest common divisor of 7 and q.
7
Suppose 6*b - 3*b = 69. What is the greatest common factor of b and 161?
23
Let i = 10 + -2. Suppose -4*z + 0*z - 4 = 3*d, 0 = 4*z + 4*d + i. What is the highest common factor of z and 3?
1
Suppose 2*b - 3*l = -b + 3, 0 = -b - 3*l + 5. Let y = -1 - -2. Let j be ((-28)/y)/(1 + -3). What is the highest common divisor of b and j?
2
Suppose n - 5*k = 7, 0*k + 2*k = -n. Suppose 8 = 2*d - 4*g - 216, n*g = 2*d - 222. Let l be (35/14 + -6)*(-20)/7. What is the highest common divisor of d and l?
10
Suppose 5*u + 3*m = 2, 5*u + 4*m - 8 = 7*m. Let f be (-9)/(-2 + u) - 2. What is the greatest common divisor of 56 and f?
7
Suppose 3*w - 8 + 2 = -2*r, -4 = -2*w. Suppose r*z + 4*z + 290 = 3*y, -5*y + 455 = -z. Calculate the highest common divisor of 18 and y.
18
Let v = 11 + 41. Let u be (-7)/(-3) - (-2)/3. Suppose -y + 42 = u*y - 5*t, -5*y = -4*t - 57. Calculate the greatest common divisor of v and y.
13
Let t(n) = -5*n - 3. Let z be t(-3). Suppose -5*s = -s - z. What is the highest common divisor of 2 and s?
1
Let f = -33 - -41. Suppose o = 2*o - 12. Let v be 2/8 + 141/o. Calculate the greatest common factor of v and f.
4
Suppose g - 591 = -5*w, -5*g + 218 = w + w. Suppose -91 - w = -2*k. What is the highest common divisor of k and 15?
15
Let a be (-10)/6 - (-1)/(-3). Let x(k) = 2*k**2 + 2*k + 1. Let l be x(a). What is the greatest common divisor of 15 and l?
5
Let i(k) = k**3 + 0*k - 7*k**2 - 11 + 3*k - 4*k. Let x(y) = -y**3 + 8*y**2 + 8. Let v be x(8). Let o be i(v). Calculate the highest common factor of o and 5.
5
Let y be (13 + -5)*(-2)/(-4). Suppose 4 = y*m - 4. Calculate the greatest common divisor of m and 4.
2
Suppose 5*d = -2*p + 26, -4*d + 25 = 3*p - 0*p. Suppose d*v = 40 - 12. Calculate the greatest common divisor of 28 and v.
7
Let o = -11 + 27. Calculate the greatest common divisor of 144 and o.
16
Let u(s) = s**2 - 6*s - 9. Let y be u(15). What is the highest common factor of y and 9?
9
Suppose 2*r - 72 = -0*r. Suppose 0 = o - 38 - 6. Suppose -4*m - 8 + o = 0. Calculate the highest common divisor of r and m.
9
Let c = -3 - -192. Calculate the greatest common divisor of 21 and c.
21
Let x(g) be the third derivative of -g**6/120 + 7*g**5/60 - g**4/4 + g**3/6 - 3*g**2. Let k be x(5). Calculate the highest common factor of k and 3.
3
Let l = -111 - -169. What is the greatest common divisor of 145 and l?
29
Suppose 3*c - 646 = u, -5*c + u + 1082 = 2*u. Let a = -18 - -69. Suppose -2*q - t - a = -4*q, 5*t = -15. Calculate the greatest common factor of q and c.
24
Suppose 0 = -q + 1 + 24. Calculate the greatest common divisor of q and 5.
5
Let p(q) = 10 + 2*q + 0*q**2 + q**2 + 4*q - 3. Let l be p(-5). Suppose -5*b - 3*c + 25 = -0, b = 4*c + 28. Calculate the highest common factor of b and l.
2
Let v(d) = -d**3 - 3*d**2 - 9*d - 7. Let r be v(-7). What is the greatest common factor of 36 and r?
36
Suppose -4*x - x = 140. Let d = -6 - x. Let q = d - 12. Calculate the highest common factor of 10 and q.
10
Let d be 10/55 + 1206/22. Let q = d + -31. Suppose g + v = q, 2*g - 3*g = 2*v - 23. Calculate the greatest common factor of g and 5.
5
Let v(m) = 8*m**2 + 2*m + 1. Let w be v(2). Let p = w - -179. Suppose 2*q - 216 = 5*d, -q - 3*d + p = q. Calculate the greatest common factor of 12 and q.
12
Suppose 3*j - 5*y = 108, y - 14 = -4*j + 130. Calculate the greatest common factor of 24 and j.
12
Suppose 0 = 5*h - 5, -4*v + h = -5*v + 82. Let o(w) = 3*w - 21. Let s be o(10). What is the greatest common divisor of v and s?
9
Let d = -178 - -193. What is the highest common factor of 75 and d?
15
Let b = 104 + -32. Suppose 0*i + 2*i = t, 3*t = 2*i. Suppose r - 6*r + 45 = t. What is the highest common divisor of b and r?
9
Let f(c) = -c**3 - 7*c**2 + 6*c - 2. Let t be f(-8). Let p(y) = y**2 + 4*y - 7. Let n = -2 - -9. Let u be p(n). What is the greatest common divisor of u and t?
14
Suppose 3*a + 20 = 5. Let p = 0 - a. Calculate the greatest common divisor of 45 and p.
5
Let l(g) = 3*g**2 + 4*g + 36. Let h be l(-6). Calculate the greatest common divisor of 15 and h.
15
Let l(t) = -t + 10. Let r be l(6). Let i(z) = -z**3 + z**2 + 4*z + 3. Let b be i(3). Let d be r/(b*(-3)/54). Calculate the greatest common divisor of 3 and d.
3
Let s(v) = -13*v + 1. Let j be (2/(-3))/(4/6). Let k be s(j). Let f = 58 - 37. What is the highest common divisor of f 